{"id":252,"date":"2024-03-29T16:16:49","date_gmt":"2024-03-29T16:16:49","guid":{"rendered":"https:\/\/maffexgruppe.de\/?page_id=252"},"modified":"2024-03-29T16:20:04","modified_gmt":"2024-03-29T16:20:04","slug":"immobilien","status":"publish","type":"page","link":"https:\/\/maffexgruppe.de\/?page_id=252","title":{"rendered":"Immobilien"},"content":{"rendered":"\n<figure class=\"wp-block-image alignwide\"><img loading=\"lazy\" decoding=\"async\" width=\"1024\" height=\"425\" src=\"https:\/\/maffexgruppe.de\/wp-content\/uploads\/2022\/12\/villa_innen-1-1024x425.png\" alt=\"\" class=\"wp-image-175\" srcset=\"https:\/\/maffexgruppe.de\/wp-content\/uploads\/2022\/12\/villa_innen-1-1024x425.png 1024w, https:\/\/maffexgruppe.de\/wp-content\/uploads\/2022\/12\/villa_innen-1-300x125.png 300w, https:\/\/maffexgruppe.de\/wp-content\/uploads\/2022\/12\/villa_innen-1-768x319.png 768w, https:\/\/maffexgruppe.de\/wp-content\/uploads\/2022\/12\/villa_innen-1-1536x638.png 1536w, https:\/\/maffexgruppe.de\/wp-content\/uploads\/2022\/12\/villa_innen-1.png 1753w\" sizes=\"auto, (max-width: 1024px) 100vw, 1024px\" \/><\/figure>\n\n\n\n<p>Ob Ferienh\u00e4user, Ferienvillen, H\u00e4user und Villen in Kroatien: Zur Vermietung oder zur Eigennutzung \u2013 wir bieten Ihnen Grundst\u00fccke, Bau- und Investmentprojekte in den sch\u00f6nsten Regionen Kroatiens.<\/p>\n\n\n\n<figure class=\"wp-block-image\"><img loading=\"lazy\" decoding=\"async\" width=\"1024\" height=\"595\" src=\"https:\/\/maffexgruppe.de\/wp-content\/uploads\/2022\/12\/bau_kroatien_1_1024x595.jpg\" alt=\"\" class=\"wp-image-75\" srcset=\"https:\/\/maffexgruppe.de\/wp-content\/uploads\/2022\/12\/bau_kroatien_1_1024x595.jpg 1024w, https:\/\/maffexgruppe.de\/wp-content\/uploads\/2022\/12\/bau_kroatien_1_1024x595-300x174.jpg 300w, https:\/\/maffexgruppe.de\/wp-content\/uploads\/2022\/12\/bau_kroatien_1_1024x595-768x446.jpg 768w\" sizes=\"auto, (max-width: 1024px) 100vw, 1024px\" \/><\/figure>\n\n\n\n<p>Auf Wunsch betreuen wir auch Ihr Objekt vor Ort, ob in der Bauphase oder bei der sp\u00e4teren Vermietung eines Investmentobjekts.<\/p>\n\n\n\n<figure class=\"wp-block-image\"><img loading=\"lazy\" decoding=\"async\" width=\"1024\" height=\"640\" src=\"https:\/\/maffexgruppe.de\/wp-content\/uploads\/2022\/12\/bau_kroatien_1_2-1024x640-6.jpg\" alt=\"\" class=\"wp-image-85\" srcset=\"https:\/\/maffexgruppe.de\/wp-content\/uploads\/2022\/12\/bau_kroatien_1_2-1024x640-6.jpg 1024w, https:\/\/maffexgruppe.de\/wp-content\/uploads\/2022\/12\/bau_kroatien_1_2-1024x640-6-300x188.jpg 300w, https:\/\/maffexgruppe.de\/wp-content\/uploads\/2022\/12\/bau_kroatien_1_2-1024x640-6-768x480.jpg 768w\" sizes=\"auto, (max-width: 1024px) 100vw, 1024px\" \/><\/figure>\n\n\n\n<figure class=\"wp-block-image\"><img loading=\"lazy\" decoding=\"async\" width=\"1024\" height=\"636\" src=\"https:\/\/maffexgruppe.de\/wp-content\/uploads\/2022\/12\/bau_kroatien_1_3-1024x636-3.jpg\" alt=\"\" class=\"wp-image-84\" srcset=\"https:\/\/maffexgruppe.de\/wp-content\/uploads\/2022\/12\/bau_kroatien_1_3-1024x636-3.jpg 1024w, https:\/\/maffexgruppe.de\/wp-content\/uploads\/2022\/12\/bau_kroatien_1_3-1024x636-3-300x186.jpg 300w, https:\/\/maffexgruppe.de\/wp-content\/uploads\/2022\/12\/bau_kroatien_1_3-1024x636-3-768x477.jpg 768w\" sizes=\"auto, (max-width: 1024px) 100vw, 1024px\" \/><\/figure>\n\n\n\n<hr class=\"wp-block-separator has-alpha-channel-opacity\"\/>\n\n\n\n<p><strong>Neue Angebote:<\/strong><\/p>\n\n\n\n<p><strong>Zwei Villenprojekte auf der Insel \u0160olta Maslinica mit Meerblick zu verkaufen<\/strong><\/p>\n\n\n\n<figure class=\"wp-block-image\"><img loading=\"lazy\" decoding=\"async\" width=\"1024\" height=\"575\" src=\"https:\/\/maffexgruppe.de\/wp-content\/uploads\/2022\/12\/villa_hinten-1024x575.jpg\" alt=\"\" class=\"wp-image-62\" srcset=\"https:\/\/maffexgruppe.de\/wp-content\/uploads\/2022\/12\/villa_hinten-1024x575.jpg 1024w, https:\/\/maffexgruppe.de\/wp-content\/uploads\/2022\/12\/villa_hinten-300x169.jpg 300w, https:\/\/maffexgruppe.de\/wp-content\/uploads\/2022\/12\/villa_hinten-768x432.jpg 768w, https:\/\/maffexgruppe.de\/wp-content\/uploads\/2022\/12\/villa_hinten-1110x624.jpg 1110w, https:\/\/maffexgruppe.de\/wp-content\/uploads\/2022\/12\/villa_hinten-528x297.jpg 528w, https:\/\/maffexgruppe.de\/wp-content\/uploads\/2022\/12\/villa_hinten.jpg 1500w\" sizes=\"auto, (max-width: 1024px) 100vw, 1024px\" \/><\/figure>\n\n\n\n<p>Die Insel \u0160olta Maslinica ist direkt gegen\u00fcber der wundersch\u00f6nen dalmatinischen Stadt <a href=\"https:\/\/maffexgruppe.de\/?page_id=159\">Trogir<\/a> gelegen. Derzeit entstehen dort zwei Villen. Diese k\u00f6nnen einzeln oder zusammen als Investment inklusive Firma \u00fcbernommen werden.<\/p>\n\n\n\n<figure class=\"wp-block-image\"><img loading=\"lazy\" decoding=\"async\" width=\"1024\" height=\"576\" src=\"https:\/\/maffexgruppe.de\/wp-content\/uploads\/2022\/12\/villa_mast1_oben.jpg\" alt=\"\" class=\"wp-image-88\" srcset=\"https:\/\/maffexgruppe.de\/wp-content\/uploads\/2022\/12\/villa_mast1_oben.jpg 1024w, https:\/\/maffexgruppe.de\/wp-content\/uploads\/2022\/12\/villa_mast1_oben-300x169.jpg 300w, https:\/\/maffexgruppe.de\/wp-content\/uploads\/2022\/12\/villa_mast1_oben-768x432.jpg 768w, https:\/\/maffexgruppe.de\/wp-content\/uploads\/2022\/12\/villa_mast1_oben-528x297.jpg 528w\" sizes=\"auto, (max-width: 1024px) 100vw, 1024px\" \/><\/figure>\n\n\n\n<p>Die Innenfl\u00e4chen betragen je Villa 200 m\u00b2. Es sind drei Schlafzimmer vorhanden, die Au\u00dfenfl\u00e4che betr\u00e4gt 85 m\u00b2, die Swimmingpools haben eine Gr\u00f6\u00dfe von jeweils 23 m\u00b2.<\/p>\n\n\n\n<figure class=\"wp-block-image\"><img decoding=\"async\" src=\"https:\/\/bls-private.de\/wp-content\/uploads\/2022\/11\/villa1-1024x576.jpg\" alt=\"\" class=\"wp-image-2293\"\/><\/figure>\n\n\n\n<p>Weitere Informationen mit allen Details erhalten Sie gerne auf <a href=\"https:\/\/maffexgruppe.de\/?page_id=100\">Anfrage<\/a>.<\/p>\n\n\n\n<figure class=\"wp-block-image\"><img loading=\"lazy\" decoding=\"async\" width=\"1024\" height=\"576\" src=\"https:\/\/maffexgruppe.de\/wp-content\/uploads\/2022\/12\/villa2-1-1024x576.jpg\" alt=\"\" class=\"wp-image-64\" srcset=\"https:\/\/maffexgruppe.de\/wp-content\/uploads\/2022\/12\/villa2-1-1024x576.jpg 1024w, https:\/\/maffexgruppe.de\/wp-content\/uploads\/2022\/12\/villa2-1-300x169.jpg 300w, https:\/\/maffexgruppe.de\/wp-content\/uploads\/2022\/12\/villa2-1-768x432.jpg 768w, https:\/\/maffexgruppe.de\/wp-content\/uploads\/2022\/12\/villa2-1-1536x864.jpg 1536w, https:\/\/maffexgruppe.de\/wp-content\/uploads\/2022\/12\/villa2-1-1110x624.jpg 1110w, https:\/\/maffexgruppe.de\/wp-content\/uploads\/2022\/12\/villa2-1-528x297.jpg 528w, https:\/\/maffexgruppe.de\/wp-content\/uploads\/2022\/12\/villa2-1.jpg 1600w\" sizes=\"auto, (max-width: 1024px) 100vw, 1024px\" \/><\/figure>\n\n\n\n<p>Sie haben konkrete Vorstellungen und suchen ein passendes Immobilieobjekt in Kroatien? Ob Gewerbe oder Privatobjekt \u2013 wir arbeiten gerne mit Ihnen zusammen:<\/p>\n\n\n\n<p><a href=\"https:\/\/maffexgruppe.de\/?page_id=100\">Kontakt &amp; Beratung<\/a><\/p>\n","protected":false},"excerpt":{"rendered":"<p>Ob Ferienh\u00e4user, Ferienvillen, H\u00e4user und Villen in Kroatien: Zur Vermietung oder zur Eigennutzung \u2013 wir bieten Ihnen Grundst\u00fccke, Bau- und Investmentprojekte in den sch\u00f6nsten Regionen Kroatiens. Auf Wunsch betreuen wir auch Ihr Objekt vor Ort, ob in der Bauphase oder bei der sp\u00e4teren Vermietung eines Investmentobjekts. Neue Angebote: Zwei Villenprojekte auf der Insel \u0160olta Maslinica [&hellip;]<\/p>\n","protected":false},"author":1,"featured_media":0,"parent":0,"menu_order":0,"comment_status":"closed","ping_status":"closed","template":"","meta":{"footnotes":""},"class_list":["post-252","page","type-page","status-publish","hentry","post"],"_links":{"self":[{"href":"https:\/\/maffexgruppe.de\/index.php?rest_route=\/wp\/v2\/pages\/252","targetHints":{"allow":["GET"]}}],"collection":[{"href":"https:\/\/maffexgruppe.de\/index.php?rest_route=\/wp\/v2\/pages"}],"about":[{"href":"https:\/\/maffexgruppe.de\/index.php?rest_route=\/wp\/v2\/types\/page"}],"author":[{"embeddable":true,"href":"https:\/\/maffexgruppe.de\/index.php?rest_route=\/wp\/v2\/users\/1"}],"replies":[{"embeddable":true,"href":"https:\/\/maffexgruppe.de\/index.php?rest_route=%2Fwp%2Fv2%2Fcomments&post=252"}],"version-history":[{"count":2,"href":"https:\/\/maffexgruppe.de\/index.php?rest_route=\/wp\/v2\/pages\/252\/revisions"}],"predecessor-version":[{"id":261,"href":"https:\/\/maffexgruppe.de\/index.php?rest_route=\/wp\/v2\/pages\/252\/revisions\/261"}],"wp:attachment":[{"href":"https:\/\/maffexgruppe.de\/index.php?rest_route=%2Fwp%2Fv2%2Fmedia&parent=252"}],"curies":[{"name":"wp","href":"https:\/\/api.w.org\/{rel}","templated":true}]}}

<figure class="wp-block-image alignwide"><img loading="lazy" decoding="async" width="1024" height="425" src="https://maffexgruppe.de/wp-content/uploads/2022/12/villa_innen-1-1024x425.png" alt="" class="wp-image-175" srcset="https://maffexgruppe.de/wp-content/uploads/2022/12/villa_innen-1-1024x425.png 1024w, https://maffexgruppe.de/wp-content/uploads/2022/12/villa_innen-1-300x125.png 300w, https://maffexgruppe.de/wp-content/uploads/2022/12/villa_innen-1-768x319.png 768w, https://maffexgruppe.de/wp-content/uploads/2022/12/villa_innen-1-1536x638.png 1536w, https://maffexgruppe.de/wp-content/uploads/2022/12/villa_innen-1.png 1753w" sizes="auto, (max-width: 1024px) 100vw, 1024px" /></figure>



<p>Ob Ferienhäuser, Ferienvillen, Häuser und Villen in Kroatien: Zur Vermietung oder zur Eigennutzung – wir bieten Ihnen Grundstücke, Bau- und Investmentprojekte in den schönsten Regionen Kroatiens.</p>



<figure class="wp-block-image"><img loading="lazy" decoding="async" width="1024" height="595" src="https://maffexgruppe.de/wp-content/uploads/2022/12/bau_kroatien_1_1024x595.jpg" alt="" class="wp-image-75" srcset="https://maffexgruppe.de/wp-content/uploads/2022/12/bau_kroatien_1_1024x595.jpg 1024w, https://maffexgruppe.de/wp-content/uploads/2022/12/bau_kroatien_1_1024x595-300x174.jpg 300w, https://maffexgruppe.de/wp-content/uploads/2022/12/bau_kroatien_1_1024x595-768x446.jpg 768w" sizes="auto, (max-width: 1024px) 100vw, 1024px" /></figure>



<p>Auf Wunsch betreuen wir auch Ihr Objekt vor Ort, ob in der Bauphase oder bei der späteren Vermietung eines Investmentobjekts.</p>



<figure class="wp-block-image"><img loading="lazy" decoding="async" width="1024" height="640" src="https://maffexgruppe.de/wp-content/uploads/2022/12/bau_kroatien_1_2-1024x640-6.jpg" alt="" class="wp-image-85" srcset="https://maffexgruppe.de/wp-content/uploads/2022/12/bau_kroatien_1_2-1024x640-6.jpg 1024w, https://maffexgruppe.de/wp-content/uploads/2022/12/bau_kroatien_1_2-1024x640-6-300x188.jpg 300w, https://maffexgruppe.de/wp-content/uploads/2022/12/bau_kroatien_1_2-1024x640-6-768x480.jpg 768w" sizes="auto, (max-width: 1024px) 100vw, 1024px" /></figure>



<figure class="wp-block-image"><img loading="lazy" decoding="async" width="1024" height="636" src="https://maffexgruppe.de/wp-content/uploads/2022/12/bau_kroatien_1_3-1024x636-3.jpg" alt="" class="wp-image-84" srcset="https://maffexgruppe.de/wp-content/uploads/2022/12/bau_kroatien_1_3-1024x636-3.jpg 1024w, https://maffexgruppe.de/wp-content/uploads/2022/12/bau_kroatien_1_3-1024x636-3-300x186.jpg 300w, https://maffexgruppe.de/wp-content/uploads/2022/12/bau_kroatien_1_3-1024x636-3-768x477.jpg 768w" sizes="auto, (max-width: 1024px) 100vw, 1024px" /></figure>



<hr class="wp-block-separator has-alpha-channel-opacity"/>



<p><strong>Neue Angebote:</strong></p>



<p><strong>Zwei Villenprojekte auf der Insel Šolta Maslinica mit Meerblick zu verkaufen</strong></p>



<figure class="wp-block-image"><img loading="lazy" decoding="async" width="1024" height="575" src="https://maffexgruppe.de/wp-content/uploads/2022/12/villa_hinten-1024x575.jpg" alt="" class="wp-image-62" srcset="https://maffexgruppe.de/wp-content/uploads/2022/12/villa_hinten-1024x575.jpg 1024w, https://maffexgruppe.de/wp-content/uploads/2022/12/villa_hinten-300x169.jpg 300w, https://maffexgruppe.de/wp-content/uploads/2022/12/villa_hinten-768x432.jpg 768w, https://maffexgruppe.de/wp-content/uploads/2022/12/villa_hinten-1110x624.jpg 1110w, https://maffexgruppe.de/wp-content/uploads/2022/12/villa_hinten-528x297.jpg 528w, https://maffexgruppe.de/wp-content/uploads/2022/12/villa_hinten.jpg 1500w" sizes="auto, (max-width: 1024px) 100vw, 1024px" /></figure>



<p>Die Insel Šolta Maslinica ist direkt gegenüber der wunderschönen dalmatinischen Stadt <a href="https://maffexgruppe.de/?page_id=159">Trogir</a> gelegen. Derzeit entstehen dort zwei Villen. Diese können einzeln oder zusammen als Investment inklusive Firma übernommen werden.</p>



<figure class="wp-block-image"><img loading="lazy" decoding="async" width="1024" height="576" src="https://maffexgruppe.de/wp-content/uploads/2022/12/villa_mast1_oben.jpg" alt="" class="wp-image-88" srcset="https://maffexgruppe.de/wp-content/uploads/2022/12/villa_mast1_oben.jpg 1024w, https://maffexgruppe.de/wp-content/uploads/2022/12/villa_mast1_oben-300x169.jpg 300w, https://maffexgruppe.de/wp-content/uploads/2022/12/villa_mast1_oben-768x432.jpg 768w, https://maffexgruppe.de/wp-content/uploads/2022/12/villa_mast1_oben-528x297.jpg 528w" sizes="auto, (max-width: 1024px) 100vw, 1024px" /></figure>



<p>Die Innenflächen betragen je Villa 200 m². Es sind drei Schlafzimmer vorhanden, die Außenfläche beträgt 85 m², die Swimmingpools haben eine Größe von jeweils 23 m².</p>



<figure class="wp-block-image"><img decoding="async" src="https://bls-private.de/wp-content/uploads/2022/11/villa1-1024x576.jpg" alt="" class="wp-image-2293"/></figure>



<p>Weitere Informationen mit allen Details erhalten Sie gerne auf <a href="https://maffexgruppe.de/?page_id=100">Anfrage</a>.</p>



<figure class="wp-block-image"><img loading="lazy" decoding="async" width="1024" height="576" src="https://maffexgruppe.de/wp-content/uploads/2022/12/villa2-1-1024x576.jpg" alt="" class="wp-image-64" srcset="https://maffexgruppe.de/wp-content/uploads/2022/12/villa2-1-1024x576.jpg 1024w, https://maffexgruppe.de/wp-content/uploads/2022/12/villa2-1-300x169.jpg 300w, https://maffexgruppe.de/wp-content/uploads/2022/12/villa2-1-768x432.jpg 768w, https://maffexgruppe.de/wp-content/uploads/2022/12/villa2-1-1536x864.jpg 1536w, https://maffexgruppe.de/wp-content/uploads/2022/12/villa2-1-1110x624.jpg 1110w, https://maffexgruppe.de/wp-content/uploads/2022/12/villa2-1-528x297.jpg 528w, https://maffexgruppe.de/wp-content/uploads/2022/12/villa2-1.jpg 1600w" sizes="auto, (max-width: 1024px) 100vw, 1024px" /></figure>



<p>Sie haben konkrete Vorstellungen und suchen ein passendes Immobilieobjekt in Kroatien? Ob Gewerbe oder Privatobjekt – wir arbeiten gerne mit Ihnen zusammen:</p>



<p><a href="https://maffexgruppe.de/?page_id=100">Kontakt &amp; Beratung</a></p>

<p>Ob Ferienhäuser, Ferienvillen, Häuser und Villen in Kroatien: Zur Vermietung oder zur Eigennutzung – wir bieten Ihnen Grundstücke, Bau- und Investmentprojekte in den schönsten Regionen Kroatiens. Auf Wunsch betreuen wir auch Ihr Objekt vor Ort, ob in der Bauphase oder bei der späteren Vermietung eines Investmentobjekts. Neue Angebote: Zwei Villenprojekte auf der Insel Šolta Maslinica [&hellip;]</p>
